*i = -8*i - 221848. Is i a prime number?
False
Let g be -3 + (-60)/(-3) - -4. Let y = g + -19. Suppose 3*k + k - 3411 = -3*l, y*k + 6 = 0. Is l a prime number?
False
Suppose 56*r + 2*q - 22903 = 55*r, 3*r - q - 68702 = 0. Is r composite?
False
Let l(z) = z**3 - 13*z**2 + 13*z - 8. Let r be l(12). Suppose -19469 = -5*b - r*i, 4*b + 3*i - 15577 = -2*i. Is b a prime number?
False
Suppose 243*h - 103955 = 238*h. Is h a composite number?
True
Let l be (-12)/3 + 0 - -133*7. Let u = l + 5037. Suppose -4*m + 6733 = 5*x, -4*x + 4*m - 592 = -u. Is x composite?
True
Is (20/(-105))/(22/(-77))*9 - -263483 a composite number?
False
Is (-97663)/(-3)*(-1)/(4/(-12)) prime?
False
Suppose -32*v - 325 = -57*v. Suppose -v*i - 16363 = -5*k - 17*i, k + 3*i - 3277 = 0. Is k prime?
True
Suppose 0 = u + 3*z - 20, 4*z - 5 = u + 2*u. Suppose 0 = -u*j - 5*g, -3*j - 2*g - 3*g = 10. Suppose -2*d - 1347 = -j*d. Is d prime?
True
Suppose 6*r = 7*r + 4*j + 86, -4*j - 20 = 0. Is (r/(-6))/(-121) - 97000/(-22) prime?
True
Suppose -41*w = -w. Suppose w = 31*g + 39*g - 3161270. Is g a composite number?
False
Suppose -2*y - 19 = -2*v - v, -y = -2*v + 12. Suppose -2*a + 4*p = -p - 6398, v*a - 15966 = -2*p. Is a prime?
False
Suppose 0 = 5*d + i - 75 + 408, i - 129 = 2*d. Is (d/(-88))/((-3)/(-1528)) composite?
True
Let b(w) = 13*w + 8. Let c be b(-4). Let s = -39 - c. Suppose -4*r + 4*u = -1168, r + s*u - 295 = 3*u. Is r a composite number?
False
Suppose 57*b + 140102 = 59*b. Is b a prime number?
True
Let w = -22210 + 14276. Let m = -4935 - w. Is m a prime number?
True
Is 25728756/108 + (-14)/63 a prime number?
True
Let j(g) be the first derivative of 160*g**3/3 + 11*g**2/2 + 23*g - 28. Is j(6) a composite number?
False
Suppose -257554 = 4*p - 32*p + 166618. Is p prime?
True
Suppose 34*l = -18*l + 5*l + 22989251. Is l a composite number?
False
Let t(h) = 10182*h + 890. Is t(18) prime?
False
Suppose 0*q + 4*q - 3*z = 15, 0 = -2*q + 5*z - 3. Suppose -2*u + 800 = -q*u. Let t = u + 287. Is t prime?
False
Let r(b) = -7334*b - 11871. Is r(-164) composite?
True
Suppose 6*n - 7*n = 0, 60 = 5*p - 5*n. Suppose 2*z - 6300 = 10*m - p*m, 0 = -4*m + 2*z + 12594. Is m a prime number?
False
Is ((-3)/12)/((-5)/20)*1157641 composite?
False
Let u be ((-3)/(-2))/((-9)/(-732)). Suppose -48 = -2*o + u. Let q = 194 - o. Is q composite?
False
Suppose 42*d - 7408357 = 9533059 - 712154. Is d composite?
False
Let z = 14 - 10. Suppose -z*g = -4*w - 24, -w + 3*w = -g. Is 7030/g + 1/2 - 1 a composite number?
True
Suppose -3*m + 468220 = -5*r + 99368, -5*m + 614820 = 5*r. Is m a prime number?
False
Let f(y) = y**3 + 103*y**2 - 125*y - 164. Is f(-101) a prime number?
False
Suppose x + 5*u = 2818 + 3133, -2*x + 11986 = -4*u. Is x a prime number?
True
Suppose 0 = 3*t + 2*t - 20, -4*t = -r. Let f be ((-24)/r)/(0 + (-6)/(-2512)). Let o = 1121 + f. Is o a composite number?
True
Suppose -o + 6293 = r, -3*r + 4 + 5 = 0. Suppose 2*y - 4320 = o. Suppose 0 = -8*s + 3*s + y. Is s a composite number?
False
Let k be (-2 + 1)*(-1)/((-1)/39). Let d be 18*(k/(-9) - 3). Let j = -1 + d. Is j a composite number?
False
Let n(c) be the third derivative of c**2 + 1/30*c**6 + 0 + 0*c - 1/3*c**4 + 7/6*c**3 - 1/30*c**5. Is n(6) prime?
True
Suppose -5*c = -5*n + 4*n + 27, 4*n = 2*c + 18. Let r be -1*(-3 - c) + (-1 - -3). Suppose 5*b = 7*s - 11*s + 1496, r = -b - 4. Is s prime?
True
Let c(j) = 7*j**3 + 27*j**2 + 99*j + 90. Let b(w) = 10*w**3 + 41*w**2 + 148*w + 135. Let i(v) = -5*b(v) + 7*c(v). Is i(-19) a composite number?
False
Suppose 54*b - 55*b = 4*y - 442673, -y + 3 = 0. Is b composite?
True
Let v(b) = -47*b**3 + 46*b**3 - 2*b**2 - 139*b**3 + 25*b - 219*b**3 - 1 - 24*b. Is v(-2) prime?
True
Suppose 535*s = 431*s + 23713352. Is s prime?
True
Let z = 48559 + -12762. Is z prime?
True
Let m(f) = 2*f**2 + 53*f - 63. Let r be m(-28). Suppose -2*c + 1642 = -3*o, 25*c - 3252 = r*c - 2*o. Is c composite?
True
Let d be 6/54 + (-17)/(-9). Suppose -356 = -d*z + 3*r + 624, 2*z - r - 984 = 0. Let u = -242 + z. Is u a prime number?
True
Let s(w) = -w**3 + 21*w**2 - 17*w - 26. Let a be s(17). Let m = -448 + a. Is m a composite number?
True
Suppose -10 = -5*i - 4*w + 19, 0 = 5*i + 3*w - 33. Suppose -i*n - 6 = -8*n. Is 4658/18 + n/(-27) a composite number?
True
Let j(r) = 16236*r**2 + 1492*r + 5981. Is j(-4) prime?
False
Let c(t) = 1554*t**3 + 7*t + 4. Let p(v) = -1554*v**3 + v**2 - 5*v - 3. Let z(s) = -2*c(s) - 3*p(s). Is z(1) prime?
True
Is 0 - (749181/(-3) + (25 - 19)) a prime number?
True
Let s(h) = -18 - 5*h - h + 10*h + h**2. Suppose 3*n - 16 + 1 = 0, -5*n = -5*w + 70. Is s(w) composite?
False
Let w = 46 + -48. Let n be 26/((-5)/(-35)*w). Let a = n + 204. Is a composite?
False
Suppose 12*t - 163 = -19. Suppose 17*f - t*f - 2755 = 0. Is f prime?
False
Is (3 + -31199)/(-11) - 23 a prime number?
False
Suppose 0 = 9*p - 433 + 361. Suppose 0 = -2*v - p, v = 5*l - 2*l - 745. Is l a prime number?
False
Let w = -6664 + 14057. Is w a prime number?
True
Let k = 620 - 618. Suppose -5*q = 3*g - 20044, -2*g + k*q + 33355 = 3*g. Is g composite?
False
Let k(l) = 38*l**2 - 4*l - 19. Let s(o) = 2*o**2 - o + 2. Let x(c) = k(c) - 2*s(c). Is x(-7) composite?
False
Suppose -2*m + 7*k - 2*k = 658, -3*k - 329 = m. Let j be (-69)/((-255)/(-66) + (-4 - 0)). Let v = j + m. Is v composite?
True
Let b(r) = 32441*r - 83. Is b(2) a prime number?
False
Is (-13072903)/(-258) + 76/(-24) + 4 prime?
True
Suppose 4*i - 2*a + 42 = 0, -5 = -a - 2. Let u(c) = c + 24. Let q be u(i). Suppose -4*g = -q*g + 13849. Is g a composite number?
False
Let s be ((-1121)/4)/((-3)/(-36)). Let t = 6602 + s. Is t composite?
True
Let o(z) = 283*z**3 - 18*z**2 + 104*z + 29. Is o(6) prime?
False
Let b be 3/(405/657) + 2/15. Let n = -8 + 15. Suppose -332 = -n*j + b*j. Is j prime?
False
Suppose -8*k = -k + 75614. Let d be (-1)/7 - (-198)/63. Is 2/(6 - d - k/(-3602)) a composite number?
False
Suppose 235 = 5*v + 5*p, 184 = 4*v - 4*p + 28. Suppose -6*b = v*b - 159299. Is b composite?
False
Let t(r) = -1448*r + 587. Is t(-27) a prime number?
False
Let x = 185 - 175. Is (-40)/16*(-24916)/x prime?
True
Suppose 0 = -10*s - 9*s + 18*s + 139967. Is s composite?
False
Is (15 - (-644)/(-56))*1129628/14 prime?
True
Let k(d) = -1. Let n(h) = -h - 31. Let o(z) = -6*k(z) + n(z). Let y be o(-23). Is (0 + -1)*y*9269/46 prime?
False
Let l be (-15)/6*20/(-25). Suppose 4*o - l*n - 3*n + 1 = 0, -2*n + 40 = 5*o. Is 879/18 - (-1)/o a composite number?
True
Let n = -106 + 110. Suppose -5*c = n*k + 2331 - 7924, -k - c = -1398. Is k prime?
False
Let q(j) = -47*j**2 + 7*j + 2. Let v be q(6). Let y = -3854 - v. Let x = y + 3095. Is x prime?
False
Suppose 4*z + 3*n = 9104, -6*z + 3*z - 5*n + 6828 = 0. Let l = z - 1063. Is l a composite number?
False
Suppose -5*i - 1256554 = -332079 - 4749210. Is i a prime number?
True
Suppose 0 = 7*a + 6 - 20. Let p(d) = 296*d**2 - 12*d + 21. Is p(a) composite?
False
Let o(n) = n**3 - 32*n**2 - 432*n + 515. Let s be o(42). Let y = -37 + 57. Suppose -4689 = -y*h + s*h. Is h a composite number?
False
Let y(u) = 2*u**3 - 21*u**2 + 108*u - 2. Is y(5) prime?
True
Let h = 1572412 + -619869. Is h prime?
False
Suppose 22744620 = 11*o + 9*o + 16*o. Is o a prime number?
False
Suppose 0 = -154*j + 1621192 + 11260754. Is j a composite number?
True
Let y(a) = 17*a**2 + 10*a - 3835. Is y(-66) prime?
True
Suppose -124*q + 3568097 = 50*q - 1780141. Is q a composite number?
True
Let z(u) = -151*u + 24. Let x be (13/6 + -3)*6/(-1). Suppose -2*b + x*f = 8*f + 17, -14 = 2*b + 4*f. Is z(b) prime?
True
Let f(x) = 2*x**3 + 53*x**2 + 100*x + 62. Let y(r) = 3*r**3 + 80*r**2 + 150*r + 93. Let o(q) = 8*f(q) - 5*y(q). Is o(-20) a composite number?
False
Let g be (8 + -3 - 2) + (-2)/(-1). Suppose 0 = -4*p - 4*v - 6544, -9469 = g*p - 2*v - 1268. Let j = 2342 + p. Is j prime?
False
Is 420566/8 - 3/8*(-38)/57 a composite number?
False
Let m(g) = g**3 + 3*g**2 - g - 3. Let w be m(-3). Suppose -3*s - 4*h + 16663 = 0, 0 = 5*s - w*h - 2*h - 27789. Is s composite?
False
Let q(i) = 9*i**2 + 5*i - 2. Let r be q(4). Suppose 2*f - x - 6 = 0, -5*f - 2*x = x - 4. Is r + (f - -1) + -2 composite?
False
Suppose -1 = 4*c + 23. Let u be 4 + c/(-15)*5. Suppose -u*y - 245 = -11*y. Is y a composite number?
True
Let u(o) = 3804*o**2 - 3774*o**2 - 5*